4 - 2)). Calculate the highest common factor of l and 12.
12
Let t = -35 - -39. Calculate the greatest common factor of 4 and t.
4
Let y = -36 + 60. What is the highest common divisor of 60 and y?
12
Let a = 63 + -44. What is the greatest common factor of 19 and a?
19
Let n be 56/(-10)*10/(-4). Let z = 29 - n. What is the greatest common factor of 6 and z?
3
Let b(v) = 10*v + 4. Let a be b(3). Let r = a - 7. Let z be 1440/81 + ((-40)/(-18) - 2). Calculate the highest common factor of z and r.
9
Let v(i) = i - 1. Let x be v(4). Suppose 5*t = m + 3*m + x, -3*t - 4*m = 11. Let o be (-496)/(-5) + t/5. Calculate the highest common divisor of o and 9.
9
Suppose 0 = 5*s - 3*n - 48, 4*s - 40 = 2*n + 2*n. Let k be (-4)/(8/(-36)*1). What is the highest common factor of k and s?
9
Let x(y) = y**2 + 9*y + 20. Let j be x(-7). Calculate the greatest common factor of 9 and j.
3
Let k(m) = m**2 + 1. Let x(h) = -5*h**2 - 6*h - 7. Let p(f) = -4*k(f) - x(f). Let b be p(-6). What is the highest common factor of 27 and b?
3
Suppose -3*p - 14 = -c, -2*c - 48 = -7*c + 4*p. Calculate the highest common divisor of 32 and c.
8
Suppose -2*d = -5*d + 120. Let f be (-124)/1*d/(-32). Suppose 0 = 2*k - 3*r - 66, 5*k - f = 3*r + 2*r. Calculate the greatest common factor of k and 9.
9
Let g(c) = -c - 6. Suppose 0 = -5*f + 15, x = -2*f - 1 - 4. Let m be g(x). Calculate the greatest common factor of m and 35.
5
Let c(k) = -k**2 + 5. Let u be c(5). Let y be u/2*12/(-10). Suppose 4*w = b - 2*b + 141, -2*b = 3*w - 102. Calculate the highest common factor of w and y.
12
Let h = 2 - -20. Let g be (h/5)/(2/80). Suppose 0*s + 48 = 3*s. What is the highest common factor of g and s?
16
Suppose 4*j - 11 = 5. Suppose -5*x = -j*g - 87, 33 = 2*x - g - 0*g. Calculate the greatest common divisor of x and 6.
3
Suppose 49 = 3*d - 17. Let z = -22 + 13. Let x = d + z. Calculate the highest common factor of x and 91.
13
Suppose 5*s = 6 - 86. Let d = s + 31. What is the greatest common divisor of 135 and d?
15
Let w = -19 - -34. Let l(i) = i**2 - 11*i + 3. Let m be l(11). Calculate the greatest common factor of w and m.
3
Let c(j) = 2*j**2 - 4*j - 3. Let f be c(-3). Let u = 39 - 28. Let i = -8 + u. Calculate the greatest common factor of f and i.
3
Let x(j) = 2*j - 10. Let b be (-1)/4 - (-33)/4. Let q be x(b). Calculate the greatest common divisor of q and 18.
6
Let y = 397 - 157. Calculate the highest common divisor of 24 and y.
24
Suppose 0 = -5*i + 22 - 7. What is the greatest common factor of 27 and i?
3
Let m be (-4 - 0)*21/(-6). Calculate the greatest common factor of m and 14.
14
Let t be 1 + 0 + 33/3. Let a = t + -6. Suppose 4*q - 75 = -5*f - 0*q, 3*q - 30 = -2*f. Calculate the highest common factor of f and a.
3
Suppose 3*d = 2*b + 5, b - 3*d + 10 = -0*d. Suppose b*u - 3*t = 57, -3*u + 45 = u - 3*t. Calculate the greatest common divisor of u and 84.
12
Let h = -6 - -4. Let i = h - -15. What is the highest common factor of 91 and i?
13
Suppose -4*z + 12 = -7*z, -a + 9 = -z. Let l = 19 + a. What is the greatest common factor of l and 6?
6
Suppose 17 = 3*v + 5. Suppose -3*y - 2*y = -80. Let w = y - v. What is the greatest common factor of w and 132?
12
Let a be 2/(-9) - (-272)/9. Calculate the highest common divisor of 6 and a.
6
Let y be (5 - (-42)/(-7))*(-66)/3. Let m = 4 - -84. What is the highest common divisor of y and m?
22
Suppose -h = 3*s - 48, -2*h + 2*s + 64 = -0*h. Let i = -12 - -21. Let y be 24/i*(-6)/(-4). Calculate the highest common factor of y and h.
4
Let f be (-15)/(-9) + (-152)/(-6). What is the highest common factor of f and 216?
27
Suppose -20*s = -19*s - 26. What is the highest common divisor of s and 104?
26
Let t be ((-2)/8)/(16/(-192)). Let f be 6/(-21) - (-466)/14. Calculate the highest common divisor of t and f.
3
Let p = -1 - -3. Suppose k - 49 = p*s + s, 4*k - 196 = -s. What is the greatest common divisor of k and 7?
7
Suppose 2*y - 5 - 31 = 0. Calculate the greatest common divisor of y and 2.
2
Let f be ((-31)/(-2))/((2/(-1))/(-4)). Calculate the greatest common divisor of f and 279.
31
Let w = 13 + 59. Calculate the greatest common divisor of w and 9.
9
Let m(y) = y + 22. Let s be 141/(-21) - (-4)/(-14). Let q be m(s). What is the greatest common divisor of 15 and q?
15
Let b be 2/(-14) + 210/98. Calculate the greatest common divisor of b and 8.
2
Suppose 0 = -2*u + 2, 5*u - 49 = -3*k + u. Let s be (-6)/(0 + 2) - -28. Let i = s + -20. What is the highest common divisor of i and k?
5
Suppose h - o = 1 + 1, 3*h + 10 = -5*o. Let k be 33/3 + -1 - h. What is the greatest common divisor of 10 and k?
10
Let r(q) = 196*q**2 - q. Let y be r(1). Let i be y/10 + 3/(-2). Suppose 0 = -t + 3, -5*t = -3*x - 2*t + 423. What is the highest common divisor of i and x?
18
Let p(v) = 127*v**3 - v + 2. Let l be p(1). What is the greatest common factor of l and 32?
32
Suppose p = 4*p - 129. Let c = p - 19. Calculate the greatest common factor of c and 192.
24
Let d(k) = -k**2 - 8*k - 3. Let q be d(-5). Let n = 33 - 30. Calculate the highest common divisor of q and n.
3
Let f = -7 + 55. Let n = 13 - 7. Calculate the greatest common factor of n and f.
6
Let z(j) = -j**2 + 10*j - 8. Let b be (42/(-9))/(2/(-3)). Let h be z(b). Suppose 6*t - 2*t - 104 = 0. What is the highest common factor of h and t?
13
Let z = 259 - 140. Calculate the greatest common divisor of 17 and z.
17
Suppose v - 5*a = -6 - 11, -2*a = -5*v + 7. Suppose v*d = 2*d. Let c(l) = -l**2 + l + 4. Let x be c(d). Calculate the highest common factor of x and 24.
4
Let k be 1*((-1)/1 + 1). Suppose -2*b = -6*b + 16. Let a = b - k. Calculate the highest common factor of 4 and a.
4
Let s = -59 + -12. Let f(w) = -w**2 + 4*w + 14. Let i be f(6). Let y be 2 - s - -1 - i. What is the highest common factor of y and 8?
8
Let c = -14 - -41. Let k(x) = x**3 + 8*x**2 + 8*x + 10. Let y be k(-7). What is the greatest common divisor of y and c?
3
Let f(d) = 4*d**2 + 8*d + 2. Let p be f(-6). Calculate the greatest common factor of p and 14.
14
Let j be 4/5*15/(-3). Let n be (19/j)/((-4)/(-16)). Let s = n + 30. Calculate the greatest common divisor of 55 and s.
11
Suppose 5*k - 8 - 17 = 0. What is the highest common factor of k and 2?
1
Let s be (-2)/((-4)/4) + -2. Suppose a + 2*a - 54 = s. Suppose 2*o - 217 = -5*f, -4*o + 74 = 4*f - 2*f. What is the greatest common divisor of a and f?
9
Let i = -18 - -23. What is the greatest common divisor of i and 1?
1
Let m be 0 - (-2)/(-4)*-6. Suppose -36 = -2*u - 6*r + 2*r, m*r = -u + 20. Calculate the greatest common factor of u and 112.
14
Suppose 5*a + 5 = -0*a + 5*w, 4*a = 5*w - 3. Let f = 4 + a. Let r = 70 - 66. What is the greatest common divisor of r and f?
2
Suppose 0 - 20 = -5*v. Suppose 4*u = -v*b + 32, -5*b = -10*b + 3*u + 32. Let h = 7 + 14. Calculate the greatest common divisor of b and h.
7
Let x(k) = 73*k**2 - 2*k - 1. Let j be x(-1). Calculate the highest common divisor of j and 111.
37
Let n be 123 - 3/(4 - 3). Calculate the highest common factor of 12 and n.
12
Suppose -a = 4*c - 10, 0 = -2*a - 4*c + 2 + 10. What is the greatest common factor of a and 2?
2
Let f = -261 + 393. Suppose -h + 2*h - 12 = 0. What is the greatest common divisor of h and f?
12
Let a = -19 - -43. Suppose 0 = -2*o + 5*o - a. Calculate the greatest common factor of 4 and o.
4
Let p be (-44)/16*(4 + -136). What is the greatest common factor of p and 33?
33
Suppose 5 = 2*m + 5*y, 0 = -0*y - y - 1. What is the greatest common factor of m and 20?
5
Let u(s) be the first derivative of -s**2/2 - s - 2. Let v(f) = 2. Let z(t) = -5*u(t) - v(t). Let m be z(3). What is the highest common factor of m and 2?
2
Suppose -5*b = 2*h - 0*b - 113, 0 = -2*h + b + 107. What is the greatest common factor of 135 and h?
27
Suppose 50 = 3*x + 4*u, 4*x + x - 25 = 5*u. Suppose -6*c + 4*c = -4*s + 274, 134 = 2*s - 2*c. What is the greatest common divisor of s and x?
10
Let p(k) = 9*k + 1. Let i be p(3). What is the greatest common divisor of i and 7?
7
Suppose 0 = -4*g - 62 + 238. What is the highest common divisor of 4 and g?
4
Let b be 8/28 + 23/(-7). Let s be b/2 - 339/(-6). Suppose -2*m + m = -11. What is the greatest common factor of m and s?
11
Suppose 5*f = -m + 8, m - 2*m + 5*f = -8. Let g = 192 - 136. Calculate the highest com